{"id":4587,"date":"2025-01-14T09:24:34","date_gmt":"2025-01-14T08:24:34","guid":{"rendered":"https:\/\/annagrandhotel.hu\/?page_id=4587"},"modified":"2026-04-30T10:52:09","modified_gmt":"2026-04-30T08:52:09","slug":"sakady","status":"publish","type":"page","link":"https:\/\/annagrandhotel.hu\/sk\/szakacs\/","title":{"rendered":"Kuch\u00e1r"},"content":{"rendered":"<div class=\"wpb-content-wrapper\"><div class=\"vc_row wpb_row vc_row-fluid vc_custom_1736843015162 vc_row-has-fill\"><div class=\"wpb_column vc_column_container vc_col-sm-12\"><div class=\"vc_column-inner\"><div class=\"wpb_wrapper\">\n\t<div  class=\"wpb_single_image wpb_content_element vc_align_center\">\n\t\t\n\t\t<figure class=\"wpb_wrapper vc_figure\">\n\t\t\t<div class=\"vc_single_image-wrapper   vc_box_border_grey\"><img loading=\"lazy\" decoding=\"async\" width=\"250\" height=\"155\" src=\"https:\/\/annagrandhotel.hu\/wp-content\/uploads\/2024\/09\/Anna-Grand-5-star-main-1.png\" class=\"vc_single_image-img attachment-full\" alt=\"\" title=\"Anna Grand 5 hviezdi\u010diek hlavn\u00e9\" srcset=\"https:\/\/annagrandhotel.hu\/wp-content\/uploads\/2024\/09\/Anna-Grand-5-star-main-1.png 250w, https:\/\/annagrandhotel.hu\/wp-content\/uploads\/2024\/09\/Anna-Grand-5-star-main-1-18x12.png 18w\" sizes=\"auto, (max-width: 250px) 100vw, 250px\" \/><\/div>\n\t\t<\/figure>\n\t<\/div>\n\n\t<div  class=\"wpb_single_image wpb_content_element vc_align_center\">\n\t\t\n\t\t<figure class=\"wpb_wrapper vc_figure\">\n\t\t\t<div class=\"vc_single_image-wrapper   vc_box_border_grey\"><img loading=\"lazy\" decoding=\"async\" width=\"1003\" height=\"11\" src=\"https:\/\/annagrandhotel.hu\/wp-content\/uploads\/2023\/11\/Anna-Grand-Hotel-elvalaszto.webp\" class=\"vc_single_image-img attachment-full\" alt=\"\" title=\"Anna Grand Hotel rozde\u013eova\u010d\" srcset=\"https:\/\/annagrandhotel.hu\/wp-content\/uploads\/2023\/11\/Anna-Grand-Hotel-elvalaszto.webp 1003w, https:\/\/annagrandhotel.hu\/wp-content\/uploads\/2023\/11\/Anna-Grand-Hotel-elvalaszto-300x3.webp 300w, https:\/\/annagrandhotel.hu\/wp-content\/uploads\/2023\/11\/Anna-Grand-Hotel-elvalaszto-768x8.webp 768w, https:\/\/annagrandhotel.hu\/wp-content\/uploads\/2023\/11\/Anna-Grand-Hotel-elvalaszto-18x1.webp 18w\" sizes=\"auto, (max-width: 1003px) 100vw, 1003px\" \/><\/div>\n\t\t<\/figure>\n\t<\/div>\n<div class=\"heading_group_sc wpb_content_element subtitle_bottom    text-center\">\n\n\n    <h2>Kuch\u00e1r<\/h2>\n\n\n        <span class=\"subtitle\"><\/span>\n\n<\/div><\/div><\/div><\/div><\/div><div class=\"vc_row wpb_row vc_row-fluid vc_custom_1736843005938 vc_row-has-fill\"><div class=\"wpb_column vc_column_container vc_col-sm-9\"><div class=\"vc_column-inner\"><div class=\"wpb_wrapper\"><div class=\"heading_group_sc wpb_content_element subtitle_bottom    text-left\">\n\n\n    <p><b>\u010co pon\u00fakame na\u0161im bud\u00facim \u010dlenom t\u00edmu v na\u0161om celoro\u010dnom hoteli:<\/b><\/p>\n<ul>\n<li style=\"font-weight: 400;\" aria-level=\"1\"><span style=\"font-weight: 400;\">Dlhodob\u00e1 pracovn\u00e1 ponuka s 8-hodinov\u00fdm prihl\u00e1sen\u00edm<\/span><\/li>\n<li style=\"font-weight: 400;\" aria-level=\"1\"><span style=\"font-weight: 400;\">Pr\u00edspevok na cestovanie do pr\u00e1ce a zo zamestnania<\/span><\/li>\n<li style=\"font-weight: 400;\" aria-level=\"1\"><span style=\"font-weight: 400;\">Konkuren\u010dn\u00fd plat<\/span><\/li>\n<li style=\"font-weight: 400;\" aria-level=\"1\"><span style=\"font-weight: 400;\">Pl\u00e1novate\u013en\u00fd rozvrh<\/span><\/li>\n<li style=\"font-weight: 400;\" aria-level=\"1\"><span style=\"font-weight: 400;\">Jedno tepl\u00e9 jedlo po\u010das pracovn\u00fdch dn\u00ed<\/span><\/li>\n<\/ul>\n<p><b>Pracovn\u00e9 povinnosti:<\/b><\/p>\n<ul>\n<li style=\"font-weight: 400;\" aria-level=\"1\"><span style=\"font-weight: 400;\">Akt\u00edvna \u00fa\u010das\u0165 na ka\u017edodennom chode hotela (ra\u0148ajky, ve\u010dere, pr\u00edprava izieb)<\/span><\/li>\n<li style=\"font-weight: 400;\" aria-level=\"1\"><span style=\"font-weight: 400;\">Objedn\u00e1vky A\u2019 la carte a podujatia pod\u013ea pokynov \u0161\u00e9fkuch\u00e1ra<\/span><\/li>\n<li style=\"font-weight: 400;\" aria-level=\"1\"><span style=\"font-weight: 400;\">Spr\u00e1vne zaobch\u00e1dzanie so strojmi a zariadeniami, ich udr\u017eiavanie v \u010distote<\/span><\/li>\n<li style=\"font-weight: 400;\" aria-level=\"1\"><span style=\"font-weight: 400;\">Znalos\u0165 a maxim\u00e1lne dodr\u017eiavanie noriem a predpisov v oblasti verejn\u00e9ho zdravia<\/span><\/li>\n<\/ul>\n<p><b>\u010co o\u010dak\u00e1vame od n\u00e1\u0161ho bud\u00faceho kolegu:<\/b><\/p>\n<ul>\n<li style=\"font-weight: 400;\" aria-level=\"1\"><span style=\"font-weight: 400;\">Nem jelent akad\u00e1lyt a kih\u00edv\u00e1sok kezel\u00e9se vagy az ak\u00e1r \u00e9jszak\u00e1ba ny\u00fal\u00f3 rendezv\u00e9nyeken val\u00f3 r\u00e9szv\u00e9tel.<\/span><\/li>\n<li style=\"font-weight: 400;\" aria-level=\"1\"><span style=\"font-weight: 400;\">Pontos, prec\u00edz \u00e9s megb\u00edzhat\u00f3 munkav\u00e9gz\u00e9s<\/span><\/li>\n<li style=\"font-weight: 400;\" aria-level=\"1\"><span style=\"font-weight: 400;\">Szakir\u00e1ny\u00fa v\u00e9gzetts\u00e9ggel<\/span><\/li>\n<li style=\"font-weight: 400;\" aria-level=\"1\"><span style=\"font-weight: 400;\">Priate\u013esk\u00e1, flexibiln\u00e1 osobnos\u0165<\/span><\/li>\n<li style=\"font-weight: 400;\" aria-level=\"1\"><span style=\"font-weight: 400;\">Megb\u00edzhat\u00f3, \u00f6n\u00e1ll\u00f3 munkav\u00e9gz\u00e9s<\/span><\/li>\n<\/ul>\n\n\n        <span class=\"subtitle\"><\/span>\n\n<\/div><div class=\"heading_group_sc wpb_content_element subtitle_bottom    text-left\">\n\n\n    <p><span style=\"font-weight: 400;\">Svoj \u017eivotopis s fotografiou a n\u00e1zvom poz\u00edcie po\u0161lite na adresu. <\/span><a href=\"mailto:hr@annagrandhotel.hu\"><span style=\"font-weight: 400;\">hr@annagrandhotel.hu<\/span><\/a><span style=\"font-weight: 400;\"> na t\u00fato adresu.<\/span><\/p>\n\n\n        <span class=\"subtitle\"><\/span>\n\n<\/div><\/div><\/div><\/div><div class=\"wpb_column vc_column_container vc_col-sm-3 vc_col-has-fill\"><div class=\"vc_column-inner vc_custom_1736842977617\"><div class=\"wpb_wrapper\"><div class=\"heading_group_sc wpb_content_element subtitle_bottom    text-left\">\n\n\n    <p><strong>Oddelenie:<\/strong><br \/>\nKuchy\u0148a<\/p>\n\n\n        <span class=\"subtitle\"><\/span>\n\n<\/div><div class=\"heading_group_sc wpb_content_element subtitle_bottom    text-left\">\n\n\n    <p><strong>Typ zamestnania:<\/strong><br \/>\nNa pln\u00fd \u00fav\u00e4zok<\/p>\n\n\n        <span class=\"subtitle\"><\/span>\n\n<\/div><div class=\"heading_group_sc wpb_content_element subtitle_bottom    text-left\">\n\n\n    <p><span style=\"font-weight: 400;\">Svoj \u017eivotopis s fotografiou a n\u00e1zvom poz\u00edcie po\u0161lite na adresu. <\/span><a href=\"mailto:hr@annagrandhotel.hu\"><span style=\"font-weight: 400;\">hr@annagrandhotel.hu<\/span><\/a><span style=\"font-weight: 400;\"> na t\u00fato adresu.<\/span><\/p>\n\n\n        <span class=\"subtitle\"><\/span>\n\n<\/div><\/div><\/div><\/div><\/div>\n<\/div>","protected":false},"excerpt":{"rendered":"Szak\u00e1cs Mit k\u00edn\u00e1lunk leend\u0151 csapattagunknak eg\u00e9sz \u00e9vben \u00fczemel\u0151 sz\u00e1llod\u00e1nkban: Hossz\u00fa t\u00e1v\u00fa munkalehet\u0151s\u00e9g, 8 \u00f3r\u00e1s bejelent\u00e9ssel Munkahely \u00e9s lak\u00f3hely k\u00f6z\u00f6tti utaz\u00e1si t\u00e1mogat\u00e1s Versenyk\u00e9pes fizet\u00e9s Tervezhet\u0151 beoszt\u00e1s Munkanapokon egyszeri meleg \u00e9tkez\u00e9s Munkak\u00f6ri feladatok: Akt\u00edv r\u00e9szv\u00e9tel a hotel napi m\u0171k\u00f6d\u00e9s\u00e9ben (reggeli, vacsora, szobai bek\u00e9sz\u00edt\u00e9s) A\u2019 la carte rendel\u00e9sek \u00e9s rendezv\u00e9nyek lebonyol\u00edt\u00e1sa a chef ir\u00e1nymutat\u00e1sa szerint A g\u00e9pek, berendez\u00e9sek [...]","protected":false},"author":1,"featured_media":0,"parent":0,"menu_order":0,"comment_status":"closed","ping_status":"closed","template":"","meta":{"footnotes":""},"class_list":["post-4587","page","type-page","status-publish","hentry"],"aioseo_notices":[],"_links":{"self":[{"href":"https:\/\/annagrandhotel.hu\/sk\/wp-json\/wp\/v2\/pages\/4587","targetHints":{"allow":["GET"]}}],"collection":[{"href":"https:\/\/annagrandhotel.hu\/sk\/wp-json\/wp\/v2\/pages"}],"about":[{"href":"https:\/\/annagrandhotel.hu\/sk\/wp-json\/wp\/v2\/types\/page"}],"author":[{"embeddable":true,"href":"https:\/\/annagrandhotel.hu\/sk\/wp-json\/wp\/v2\/users\/1"}],"replies":[{"embeddable":true,"href":"https:\/\/annagrandhotel.hu\/sk\/wp-json\/wp\/v2\/comments?post=4587"}],"version-history":[{"count":4,"href":"https:\/\/annagrandhotel.hu\/sk\/wp-json\/wp\/v2\/pages\/4587\/revisions"}],"predecessor-version":[{"id":5786,"href":"https:\/\/annagrandhotel.hu\/sk\/wp-json\/wp\/v2\/pages\/4587\/revisions\/5786"}],"wp:attachment":[{"href":"https:\/\/annagrandhotel.hu\/sk\/wp-json\/wp\/v2\/media?parent=4587"}],"curies":[{"name":"wp","href":"https:\/\/api.w.org\/{rel}","templated":true}]}}

Kuchár

<div class="wpb-content-wrapper"><div class="vc_row wpb_row vc_row-fluid vc_custom_1736843015162 vc_row-has-fill"><div class="wpb_column vc_column_container vc_col-sm-12"><div class="vc_column-inner"><div class="wpb_wrapper">
	<div  class="wpb_single_image wpb_content_element vc_align_center">
		
		<figure class="wpb_wrapper vc_figure">
			<div class="vc_single_image-wrapper   vc_box_border_grey"><img loading="lazy" decoding="async" width="250" height="155" src="https://annagrandhotel.hu/wp-content/uploads/2024/09/Anna-Grand-5-star-main-1.png" class="vc_single_image-img attachment-full" alt="" title="Anna Grand 5 hviezdičiek hlavné" srcset="https://annagrandhotel.hu/wp-content/uploads/2024/09/Anna-Grand-5-star-main-1.png 250w, https://annagrandhotel.hu/wp-content/uploads/2024/09/Anna-Grand-5-star-main-1-18x12.png 18w" sizes="auto, (max-width: 250px) 100vw, 250px" /></div>
		</figure>
	</div>

	<div  class="wpb_single_image wpb_content_element vc_align_center">
		
		<figure class="wpb_wrapper vc_figure">
			<div class="vc_single_image-wrapper   vc_box_border_grey"><img loading="lazy" decoding="async" width="1003" height="11" src="https://annagrandhotel.hu/wp-content/uploads/2023/11/Anna-Grand-Hotel-elvalaszto.webp" class="vc_single_image-img attachment-full" alt="" title="Anna Grand Hotel rozdeľovač" srcset="https://annagrandhotel.hu/wp-content/uploads/2023/11/Anna-Grand-Hotel-elvalaszto.webp 1003w, https://annagrandhotel.hu/wp-content/uploads/2023/11/Anna-Grand-Hotel-elvalaszto-300x3.webp 300w, https://annagrandhotel.hu/wp-content/uploads/2023/11/Anna-Grand-Hotel-elvalaszto-768x8.webp 768w, https://annagrandhotel.hu/wp-content/uploads/2023/11/Anna-Grand-Hotel-elvalaszto-18x1.webp 18w" sizes="auto, (max-width: 1003px) 100vw, 1003px" /></div>
		</figure>
	</div>
<div class="heading_group_sc wpb_content_element subtitle_bottom    text-center">


    <h2>Kuchár</h2>


        <span class="subtitle"></span>

</div></div></div></div></div><div class="vc_row wpb_row vc_row-fluid vc_custom_1736843005938 vc_row-has-fill"><div class="wpb_column vc_column_container vc_col-sm-9"><div class="vc_column-inner"><div class="wpb_wrapper"><div class="heading_group_sc wpb_content_element subtitle_bottom    text-left">


    <p><b>Čo ponúkame našim budúcim členom tímu v našom celoročnom hoteli:</b></p>
<ul>
<li style="font-weight: 400;" aria-level="1"><span style="font-weight: 400;">Dlhodobá pracovná ponuka s 8-hodinovým prihlásením</span></li>
<li style="font-weight: 400;" aria-level="1"><span style="font-weight: 400;">Príspevok na cestovanie do práce a zo zamestnania</span></li>
<li style="font-weight: 400;" aria-level="1"><span style="font-weight: 400;">Konkurenčný plat</span></li>
<li style="font-weight: 400;" aria-level="1"><span style="font-weight: 400;">Plánovateľný rozvrh</span></li>
<li style="font-weight: 400;" aria-level="1"><span style="font-weight: 400;">Jedno teplé jedlo počas pracovných dní</span></li>
</ul>
<p><b>Pracovné povinnosti:</b></p>
<ul>
<li style="font-weight: 400;" aria-level="1"><span style="font-weight: 400;">Aktívna účasť na každodennom chode hotela (raňajky, večere, príprava izieb)</span></li>
<li style="font-weight: 400;" aria-level="1"><span style="font-weight: 400;">Objednávky A’ la carte a podujatia podľa pokynov šéfkuchára</span></li>
<li style="font-weight: 400;" aria-level="1"><span style="font-weight: 400;">Správne zaobchádzanie so strojmi a zariadeniami, ich udržiavanie v čistote</span></li>
<li style="font-weight: 400;" aria-level="1"><span style="font-weight: 400;">Znalosť a maximálne dodržiavanie noriem a predpisov v oblasti verejného zdravia</span></li>
</ul>
<p><b>Čo očakávame od nášho budúceho kolegu:</b></p>
<ul>
<li style="font-weight: 400;" aria-level="1"><span style="font-weight: 400;">Nem jelent akadályt a kihívások kezelése vagy az akár éjszakába nyúló rendezvényeken való részvétel.</span></li>
<li style="font-weight: 400;" aria-level="1"><span style="font-weight: 400;">Pontos, precíz és megbízható munkavégzés</span></li>
<li style="font-weight: 400;" aria-level="1"><span style="font-weight: 400;">Szakirányú végzettséggel</span></li>
<li style="font-weight: 400;" aria-level="1"><span style="font-weight: 400;">Priateľská, flexibilná osobnosť</span></li>
<li style="font-weight: 400;" aria-level="1"><span style="font-weight: 400;">Megbízható, önálló munkavégzés</span></li>
</ul>


        <span class="subtitle"></span>

</div><div class="heading_group_sc wpb_content_element subtitle_bottom    text-left">


    <p><span style="font-weight: 400;">Svoj životopis s fotografiou a názvom pozície pošlite na adresu. </span><a href="mailto:hr@annagrandhotel.hu"><span style="font-weight: 400;">hr@annagrandhotel.hu</span></a><span style="font-weight: 400;"> na túto adresu.</span></p>


        <span class="subtitle"></span>

</div></div></div></div><div class="wpb_column vc_column_container vc_col-sm-3 vc_col-has-fill"><div class="vc_column-inner vc_custom_1736842977617"><div class="wpb_wrapper"><div class="heading_group_sc wpb_content_element subtitle_bottom    text-left">


    <p><strong>Oddelenie:</strong><br />
Kuchyňa</p>


        <span class="subtitle"></span>

</div><div class="heading_group_sc wpb_content_element subtitle_bottom    text-left">


    <p><strong>Typ zamestnania:</strong><br />
Na plný úväzok</p>


        <span class="subtitle"></span>

</div><div class="heading_group_sc wpb_content_element subtitle_bottom    text-left">


    <p><span style="font-weight: 400;">Svoj životopis s fotografiou a názvom pozície pošlite na adresu. </span><a href="mailto:hr@annagrandhotel.hu"><span style="font-weight: 400;">hr@annagrandhotel.hu</span></a><span style="font-weight: 400;"> na túto adresu.</span></p>


        <span class="subtitle"></span>

</div></div></div></div></div>
</div>

Szakács Mit kínálunk leendő csapattagunknak egész évben üzemelő szállodánkban: Hosszú távú munkalehetőség, 8 órás bejelentéssel Munkahely és lakóhely közötti utazási támogatás Versenyképes fizetés Tervezhető beosztás Munkanapokon egyszeri meleg étkezés Munkaköri feladatok: Aktív részvétel a hotel napi működésében (reggeli, vacsora, szobai bekészítés) A’ la carte rendelések és rendezvények lebonyolítása a chef iránymutatása szerint A gépek, berendezések [...]
