{"id":1826,"date":"2023-08-28T09:00:46","date_gmt":"2023-08-28T07:00:46","guid":{"rendered":"https:\/\/annagrand.saxon.hu\/?page_id=1826"},"modified":"2025-12-17T13:21:27","modified_gmt":"2025-12-17T12:21:27","slug":"restaurant","status":"publish","type":"page","link":"https:\/\/annagrandhotel.hu\/eng\/etterem\/","title":{"rendered":"ANNA GRAND RESTAURANT"},"content":{"rendered":"<div class=\"wpb-content-wrapper\"><div class=\"vc_row wpb_row vc_row-fluid padding_top_1-3\"><div class=\"wpb_column vc_column_container vc_col-sm-12\"><div class=\"vc_column-inner\"><div class=\"wpb_wrapper\"><div class=\"heading_group_sc wpb_content_element subtitle_bottom    text-center\">\n\n\n    <h2>GOURMET ADVENTURES<\/h2>\n\n\n        <span class=\"subtitle\"><\/span>\n\n        <div class=\"svg_divider\"><img decoding=\"async\" src=\"https:\/\/annagrandhotel.hu\/wp-content\/themes\/hotel-xenia\/templates\/shortcodes\/divider.png\"><\/div>\n<\/div><div class=\"heading_group_sc wpb_content_element subtitle_bottom    text-center\">\n\n\n    <p>The ANNA GRAND restaurant offers a delicious breakfast menu, with classic egg dishes and international favourites such as croque monsieur and American pancakes. Lovers of Hungarian flavours are also catered for, and not only is the breakfast selection rich in traditional dishes, but the A'la carte menu also features a number of Hungarian culinary specialities. A wide range of dishes, from appetizers to rib eye steaks, await our guests in the romantic atmosphere of the ANNA GRAND restaurant, where the unparalleled dining experience is combined with impeccable service.<\/p>\n\n\n        <span class=\"subtitle\"><\/span>\n\n<\/div><div class=\"heading_group_sc wpb_content_element subtitle_bottom    text-center\">\n\n\n    <h4 style=\"text-align: center;\">Open:<\/h4>\n<h4 style=\"text-align: center;\">Breakfast: 07:00 - 10:00<br \/>\nLunch: 12:00 - 15:00<br \/>\nDinner:<br \/>\nSunday-Thursday: 6:00 PM \u2013 9:00 PM<br \/>\nFriday-Saturday: 9:00 AM\u201310:00 PM<\/h4>\n\n\n        <span class=\"subtitle\"><\/span>\n\n        <div class=\"svg_divider\"><img decoding=\"async\" src=\"https:\/\/annagrandhotel.hu\/wp-content\/themes\/hotel-xenia\/templates\/shortcodes\/divider.png\"><\/div>\n<\/div><div class=\"plethora_button wpb_content_element   text-center\">\n    <a href=\"https:\/\/annagrandhotel.hu\/wp-content\/uploads\/2025\/12\/Anna-Grand-etlap-2025_osz_web.pdf\" class=\"btn btn-inv btn-secondary\" title=\"\"  target=\"_blank\">\n\n        \n        LIVE\n        \n\n    <\/a>\n<\/div><div class=\"plethora_button wpb_content_element   text-center\">\n    <a href=\"https:\/\/annagrandhotel.hu\/wp-content\/uploads\/2025\/12\/Etterem-itallap-2025_web.pdf\" class=\"btn btn-inv btn-secondary\" title=\"\"  target=\"_blank\">\n\n        \n        ITALLAP\n        \n\n    <\/a>\n<\/div>\n<div class=\"vc_grid-container-wrapper vc_clearfix vc_grid-animation-zoomIn\">\n\t<div class=\"vc_grid-container vc_clearfix wpb_content_element vc_masonry_media_grid\" data-initial-loading-animation=\"zoomIn\" data-vc-grid-settings=\"{&quot;page_id&quot;:1826,&quot;style&quot;:&quot;all-masonry&quot;,&quot;action&quot;:&quot;vc_get_vc_grid_data&quot;,&quot;shortcode_id&quot;:&quot;1765974007395-44cf5fd9-3235-10&quot;,&quot;tag&quot;:&quot;vc_masonry_media_grid&quot;}\" data-vc-request=\"https:\/\/annagrandhotel.hu\/wp-admin\/admin-ajax.php\" data-vc-post-id=\"1826\" data-vc-public-nonce=\"0f1818613e\">\n\t\t\n\t<\/div>\n<\/div><div class=\"wpb_gmaps_widget wpb_content_element\"><div class=\"wpb_wrapper\"><div class=\"wpb_map_wraper\"><iframe src=\"https:\/\/www.google.com\/maps\/embed?pb=!1m18!1m12!1m3!1d3347.3495316746007!2d17.889829876938595!3d46.956435671137726!2m3!1f0!2f0!3f0!3m2!1i1024!2i768!4f13.1!3m3!1m2!1s0x4769bdaeeac52595%3A0xf4011560b68e1ea5!2sAnna%20Grand%20Hotel!5e1!3m2!1shu!2shu!4v1765973579386!5m2!1shu!2shu\" width=\"600\" height=\"450\" style=\"border:0;\" allowfullscreen=\"\" loading=\"lazy\" referrerpolicy=\"no-referrer-when-downgrade\"><\/iframe><\/div><\/div><\/div><div class=\"plethora_button wpb_content_element   text-left\">\n    <a href=\"https:\/\/maps.app.goo.gl\/6bfVRUKZa9fGz1JK7\" class=\"btn btn-secondary\" title=\"Anna Grand Hotel route\"  target=\"_blank\">\n\n        \n        DIRECTIONS\n        \n\n    <\/a>\n<\/div><\/div><\/div><\/div><\/div>\n<\/div>","protected":false},"excerpt":{"rendered":"GASZTRON\u00d3MIAI \u00c9LM\u00c9NYEK Az ANNA GRAND \u00e9tterem fens\u00e9ges reggeli k\u00edn\u00e1lattal rendelkezik, ahol a klasszikus toj\u00e1s \u00e9telek mellett olyan nemzetk\u00f6zi kedvencek is megtal\u00e1lhat\u00f3k, mint a croque monsieur vagy az amerikai palacsinta. Term\u00e9szetesen a hazai \u00edzek szerelmesei is kiemelt figyelmet kapnak, \u00e9s nem csak a reggeli v\u00e1laszt\u00e9k b\u0151velkedik tradicion\u00e1lis \u00e9telekben, hanem az A\u2019la carte \u00e9tlapon is sz\u00e1mos magyar [...]","protected":false},"author":1,"featured_media":2480,"parent":0,"menu_order":0,"comment_status":"closed","ping_status":"closed","template":"","meta":{"footnotes":""},"class_list":["post-1826","page","type-page","status-publish","has-post-thumbnail","hentry"],"aioseo_notices":[],"_links":{"self":[{"href":"https:\/\/annagrandhotel.hu\/eng\/wp-json\/wp\/v2\/pages\/1826","targetHints":{"allow":["GET"]}}],"collection":[{"href":"https:\/\/annagrandhotel.hu\/eng\/wp-json\/wp\/v2\/pages"}],"about":[{"href":"https:\/\/annagrandhotel.hu\/eng\/wp-json\/wp\/v2\/types\/page"}],"author":[{"embeddable":true,"href":"https:\/\/annagrandhotel.hu\/eng\/wp-json\/wp\/v2\/users\/1"}],"replies":[{"embeddable":true,"href":"https:\/\/annagrandhotel.hu\/eng\/wp-json\/wp\/v2\/comments?post=1826"}],"version-history":[{"count":47,"href":"https:\/\/annagrandhotel.hu\/eng\/wp-json\/wp\/v2\/pages\/1826\/revisions"}],"predecessor-version":[{"id":5302,"href":"https:\/\/annagrandhotel.hu\/eng\/wp-json\/wp\/v2\/pages\/1826\/revisions\/5302"}],"wp:featuredmedia":[{"embeddable":true,"href":"https:\/\/annagrandhotel.hu\/eng\/wp-json\/wp\/v2\/media\/2480"}],"wp:attachment":[{"href":"https:\/\/annagrandhotel.hu\/eng\/wp-json\/wp\/v2\/media?parent=1826"}],"curies":[{"name":"wp","href":"https:\/\/api.w.org\/{rel}","templated":true}]}}