{"id":4587,"date":"2025-01-14T09:24:34","date_gmt":"2025-01-14T08:24:34","guid":{"rendered":"https:\/\/annagrandhotel.hu\/?page_id=4587"},"modified":"2026-04-30T10:52:09","modified_gmt":"2026-04-30T08:52:09","slug":"sakkaden","status":"publish","type":"page","link":"https:\/\/annagrandhotel.hu\/de\/szakacs\/","title":{"rendered":"Kochen"},"content":{"rendered":"<div class=\"wpb-content-wrapper\"><div class=\"vc_row wpb_row vc_row-fluid vc_custom_1736843015162 vc_row-has-fill\"><div class=\"wpb_column vc_column_container vc_col-sm-12\"><div class=\"vc_column-inner\"><div class=\"wpb_wrapper\">\n\t<div  class=\"wpb_single_image wpb_content_element vc_align_center\">\n\t\t\n\t\t<figure class=\"wpb_wrapper vc_figure\">\n\t\t\t<div class=\"vc_single_image-wrapper   vc_box_border_grey\"><img loading=\"lazy\" decoding=\"async\" width=\"250\" height=\"155\" src=\"https:\/\/annagrandhotel.hu\/wp-content\/uploads\/2024\/09\/Anna-Grand-5-star-main-1.png\" class=\"vc_single_image-img attachment-full\" alt=\"\" title=\"Anna Grand 5 Sterne Haupt\" srcset=\"https:\/\/annagrandhotel.hu\/wp-content\/uploads\/2024\/09\/Anna-Grand-5-star-main-1.png 250w, https:\/\/annagrandhotel.hu\/wp-content\/uploads\/2024\/09\/Anna-Grand-5-star-main-1-18x12.png 18w\" sizes=\"auto, (max-width: 250px) 100vw, 250px\" \/><\/div>\n\t\t<\/figure>\n\t<\/div>\n\n\t<div  class=\"wpb_single_image wpb_content_element vc_align_center\">\n\t\t\n\t\t<figure class=\"wpb_wrapper vc_figure\">\n\t\t\t<div class=\"vc_single_image-wrapper   vc_box_border_grey\"><img loading=\"lazy\" decoding=\"async\" width=\"1003\" height=\"11\" src=\"https:\/\/annagrandhotel.hu\/wp-content\/uploads\/2023\/11\/Anna-Grand-Hotel-elvalaszto.webp\" class=\"vc_single_image-img attachment-full\" alt=\"\" title=\"Anna Grand Hotel Trennwand\" srcset=\"https:\/\/annagrandhotel.hu\/wp-content\/uploads\/2023\/11\/Anna-Grand-Hotel-elvalaszto.webp 1003w, https:\/\/annagrandhotel.hu\/wp-content\/uploads\/2023\/11\/Anna-Grand-Hotel-elvalaszto-300x3.webp 300w, https:\/\/annagrandhotel.hu\/wp-content\/uploads\/2023\/11\/Anna-Grand-Hotel-elvalaszto-768x8.webp 768w, https:\/\/annagrandhotel.hu\/wp-content\/uploads\/2023\/11\/Anna-Grand-Hotel-elvalaszto-18x1.webp 18w\" sizes=\"auto, (max-width: 1003px) 100vw, 1003px\" \/><\/div>\n\t\t<\/figure>\n\t<\/div>\n<div class=\"heading_group_sc wpb_content_element subtitle_bottom    text-center\">\n\n\n    <h2>Kochen<\/h2>\n\n\n        <span class=\"subtitle\"><\/span>\n\n<\/div><\/div><\/div><\/div><\/div><div class=\"vc_row wpb_row vc_row-fluid vc_custom_1736843005938 vc_row-has-fill\"><div class=\"wpb_column vc_column_container vc_col-sm-9\"><div class=\"vc_column-inner\"><div class=\"wpb_wrapper\"><div class=\"heading_group_sc wpb_content_element subtitle_bottom    text-left\">\n\n\n    <p><b>Was wir unseren angehenden Teammitgliedern in unserem Ganzjahreshotel bieten:<\/b><\/p>\n<ul>\n<li style=\"font-weight: 400;\" aria-level=\"1\"><span style=\"font-weight: 400;\">Langfristige Arbeitsm\u00f6glichkeit, mit 8-st\u00fcndiger Anmeldung<\/span><\/li>\n<li style=\"font-weight: 400;\" aria-level=\"1\"><span style=\"font-weight: 400;\">Fahrtkostenzuschuss f\u00fcr Arbeitsweg und Wohnort<\/span><\/li>\n<li style=\"font-weight: 400;\" aria-level=\"1\"><span style=\"font-weight: 400;\">Wettbewerbsf\u00e4higes Gehalt<\/span><\/li>\n<li style=\"font-weight: 400;\" aria-level=\"1\"><span style=\"font-weight: 400;\">Planbarer Zeitplan<\/span><\/li>\n<li style=\"font-weight: 400;\" aria-level=\"1\"><span style=\"font-weight: 400;\">Mittagsverpflegung an Arbeitstagen<\/span><\/li>\n<\/ul>\n<p><b>Verantwortlichkeiten:<\/b><\/p>\n<ul>\n<li style=\"font-weight: 400;\" aria-level=\"1\"><span style=\"font-weight: 400;\">Aktive Teilnahme am Tagesgesch\u00e4ft des Hotels (Fr\u00fchst\u00fcck, Abendessen, Vorbereitung der Zimmer)<\/span><\/li>\n<li style=\"font-weight: 400;\" aria-level=\"1\"><span style=\"font-weight: 400;\">A\u2019 la carte-Bestellungen und Veranstaltungen nach Anweisung des K\u00fcchenchefs<\/span><\/li>\n<li style=\"font-weight: 400;\" aria-level=\"1\"><span style=\"font-weight: 400;\">Ordnungsgem\u00e4\u00dfe Handhabung von Maschinen und Ger\u00e4ten, Sauberhalten<\/span><\/li>\n<li style=\"font-weight: 400;\" aria-level=\"1\"><span style=\"font-weight: 400;\">Kenntnis und weitestgehende Einhaltung von Normen und Vorschriften des \u00f6ffentlichen Gesundheitswesens<\/span><\/li>\n<\/ul>\n<p><b>Was wir von unseren zuk\u00fcnftigen Kollegen erwarten:<\/b><\/p>\n<ul>\n<li style=\"font-weight: 400;\" aria-level=\"1\"><span style=\"font-weight: 400;\">Nem jelent akad\u00e1lyt a kih\u00edv\u00e1sok kezel\u00e9se vagy az ak\u00e1r \u00e9jszak\u00e1ba ny\u00fal\u00f3 rendezv\u00e9nyeken val\u00f3 r\u00e9szv\u00e9tel.<\/span><\/li>\n<li style=\"font-weight: 400;\" aria-level=\"1\"><span style=\"font-weight: 400;\">Pontos, prec\u00edz \u00e9s megb\u00edzhat\u00f3 munkav\u00e9gz\u00e9s<\/span><\/li>\n<li style=\"font-weight: 400;\" aria-level=\"1\"><span style=\"font-weight: 400;\">Szakir\u00e1ny\u00fa v\u00e9gzetts\u00e9ggel<\/span><\/li>\n<li style=\"font-weight: 400;\" aria-level=\"1\"><span style=\"font-weight: 400;\">Freundliche, flexible Pers\u00f6nlichkeit<\/span><\/li>\n<li style=\"font-weight: 400;\" aria-level=\"1\"><span style=\"font-weight: 400;\">Megb\u00edzhat\u00f3, \u00f6n\u00e1ll\u00f3 munkav\u00e9gz\u00e9s<\/span><\/li>\n<\/ul>\n\n\n        <span class=\"subtitle\"><\/span>\n\n<\/div><div class=\"heading_group_sc wpb_content_element subtitle_bottom    text-left\">\n\n\n    <p><span style=\"font-weight: 400;\">Senden Sie eine Fotokopie Ihres Lebenslaufs unter Angabe der Stelle, f\u00fcr die Sie sich bewerben, an <\/span><a href=\"mailto:hr@annagrandhotel.hu\"><span style=\"font-weight: 400;\">hr@annagrandhotel.hu<\/span><\/a><span style=\"font-weight: 400;\"> Adresse.<\/span><\/p>\n\n\n        <span class=\"subtitle\"><\/span>\n\n<\/div><\/div><\/div><\/div><div class=\"wpb_column vc_column_container vc_col-sm-3 vc_col-has-fill\"><div class=\"vc_column-inner vc_custom_1736842977617\"><div class=\"wpb_wrapper\"><div class=\"heading_group_sc wpb_content_element subtitle_bottom    text-left\">\n\n\n    <p><strong>Abteilung:<\/strong><br \/>\nK\u00fcche<\/p>\n\n\n        <span class=\"subtitle\"><\/span>\n\n<\/div><div class=\"heading_group_sc wpb_content_element subtitle_bottom    text-left\">\n\n\n    <p><strong>Art der Besch\u00e4ftigung:<\/strong><br \/>\nVollzeit<\/p>\n\n\n        <span class=\"subtitle\"><\/span>\n\n<\/div><div class=\"heading_group_sc wpb_content_element subtitle_bottom    text-left\">\n\n\n    <p><span style=\"font-weight: 400;\">Senden Sie eine Fotokopie Ihres Lebenslaufs unter Angabe der Stelle, f\u00fcr die Sie sich bewerben, an <\/span><a href=\"mailto:hr@annagrandhotel.hu\"><span style=\"font-weight: 400;\">hr@annagrandhotel.hu<\/span><\/a><span style=\"font-weight: 400;\"> Adresse.<\/span><\/p>\n\n\n        <span class=\"subtitle\"><\/span>\n\n<\/div><\/div><\/div><\/div><\/div>\n<\/div>","protected":false},"excerpt":{"rendered":"Szak\u00e1cs Mit k\u00edn\u00e1lunk leend\u0151 csapattagunknak eg\u00e9sz \u00e9vben \u00fczemel\u0151 sz\u00e1llod\u00e1nkban: Hossz\u00fa t\u00e1v\u00fa munkalehet\u0151s\u00e9g, 8 \u00f3r\u00e1s bejelent\u00e9ssel Munkahely \u00e9s lak\u00f3hely k\u00f6z\u00f6tti utaz\u00e1si t\u00e1mogat\u00e1s Versenyk\u00e9pes fizet\u00e9s Tervezhet\u0151 beoszt\u00e1s Munkanapokon egyszeri meleg \u00e9tkez\u00e9s Munkak\u00f6ri feladatok: Akt\u00edv r\u00e9szv\u00e9tel a hotel napi m\u0171k\u00f6d\u00e9s\u00e9ben (reggeli, vacsora, szobai bek\u00e9sz\u00edt\u00e9s) A\u2019 la carte rendel\u00e9sek \u00e9s rendezv\u00e9nyek lebonyol\u00edt\u00e1sa a chef ir\u00e1nymutat\u00e1sa szerint A g\u00e9pek, berendez\u00e9sek [...]","protected":false},"author":1,"featured_media":0,"parent":0,"menu_order":0,"comment_status":"closed","ping_status":"closed","template":"","meta":{"footnotes":""},"class_list":["post-4587","page","type-page","status-publish","hentry"],"aioseo_notices":[],"_links":{"self":[{"href":"https:\/\/annagrandhotel.hu\/de\/wp-json\/wp\/v2\/pages\/4587","targetHints":{"allow":["GET"]}}],"collection":[{"href":"https:\/\/annagrandhotel.hu\/de\/wp-json\/wp\/v2\/pages"}],"about":[{"href":"https:\/\/annagrandhotel.hu\/de\/wp-json\/wp\/v2\/types\/page"}],"author":[{"embeddable":true,"href":"https:\/\/annagrandhotel.hu\/de\/wp-json\/wp\/v2\/users\/1"}],"replies":[{"embeddable":true,"href":"https:\/\/annagrandhotel.hu\/de\/wp-json\/wp\/v2\/comments?post=4587"}],"version-history":[{"count":4,"href":"https:\/\/annagrandhotel.hu\/de\/wp-json\/wp\/v2\/pages\/4587\/revisions"}],"predecessor-version":[{"id":5786,"href":"https:\/\/annagrandhotel.hu\/de\/wp-json\/wp\/v2\/pages\/4587\/revisions\/5786"}],"wp:attachment":[{"href":"https:\/\/annagrandhotel.hu\/de\/wp-json\/wp\/v2\/media?parent=4587"}],"curies":[{"name":"wp","href":"https:\/\/api.w.org\/{rel}","templated":true}]}}

<div class="wpb-content-wrapper"><div class="vc_row wpb_row vc_row-fluid vc_custom_1736843015162 vc_row-has-fill"><div class="wpb_column vc_column_container vc_col-sm-12"><div class="vc_column-inner"><div class="wpb_wrapper">
	<div  class="wpb_single_image wpb_content_element vc_align_center">
		
		<figure class="wpb_wrapper vc_figure">
			<div class="vc_single_image-wrapper   vc_box_border_grey"><img loading="lazy" decoding="async" width="250" height="155" src="https://annagrandhotel.hu/wp-content/uploads/2024/09/Anna-Grand-5-star-main-1.png" class="vc_single_image-img attachment-full" alt="" title="Anna Grand 5 Sterne Haupt" srcset="https://annagrandhotel.hu/wp-content/uploads/2024/09/Anna-Grand-5-star-main-1.png 250w, https://annagrandhotel.hu/wp-content/uploads/2024/09/Anna-Grand-5-star-main-1-18x12.png 18w" sizes="auto, (max-width: 250px) 100vw, 250px" /></div>
		</figure>
	</div>

	<div  class="wpb_single_image wpb_content_element vc_align_center">
		
		<figure class="wpb_wrapper vc_figure">
			<div class="vc_single_image-wrapper   vc_box_border_grey"><img loading="lazy" decoding="async" width="1003" height="11" src="https://annagrandhotel.hu/wp-content/uploads/2023/11/Anna-Grand-Hotel-elvalaszto.webp" class="vc_single_image-img attachment-full" alt="" title="Anna Grand Hotel Trennwand" srcset="https://annagrandhotel.hu/wp-content/uploads/2023/11/Anna-Grand-Hotel-elvalaszto.webp 1003w, https://annagrandhotel.hu/wp-content/uploads/2023/11/Anna-Grand-Hotel-elvalaszto-300x3.webp 300w, https://annagrandhotel.hu/wp-content/uploads/2023/11/Anna-Grand-Hotel-elvalaszto-768x8.webp 768w, https://annagrandhotel.hu/wp-content/uploads/2023/11/Anna-Grand-Hotel-elvalaszto-18x1.webp 18w" sizes="auto, (max-width: 1003px) 100vw, 1003px" /></div>
		</figure>
	</div>
<div class="heading_group_sc wpb_content_element subtitle_bottom    text-center">


    <h2>Kochen</h2>


        <span class="subtitle"></span>

</div></div></div></div></div><div class="vc_row wpb_row vc_row-fluid vc_custom_1736843005938 vc_row-has-fill"><div class="wpb_column vc_column_container vc_col-sm-9"><div class="vc_column-inner"><div class="wpb_wrapper"><div class="heading_group_sc wpb_content_element subtitle_bottom    text-left">


    <p><b>Was wir unseren angehenden Teammitgliedern in unserem Ganzjahreshotel bieten:</b></p>
<ul>
<li style="font-weight: 400;" aria-level="1"><span style="font-weight: 400;">Langfristige Arbeitsmöglichkeit, mit 8-stündiger Anmeldung</span></li>
<li style="font-weight: 400;" aria-level="1"><span style="font-weight: 400;">Fahrtkostenzuschuss für Arbeitsweg und Wohnort</span></li>
<li style="font-weight: 400;" aria-level="1"><span style="font-weight: 400;">Wettbewerbsfähiges Gehalt</span></li>
<li style="font-weight: 400;" aria-level="1"><span style="font-weight: 400;">Planbarer Zeitplan</span></li>
<li style="font-weight: 400;" aria-level="1"><span style="font-weight: 400;">Mittagsverpflegung an Arbeitstagen</span></li>
</ul>
<p><b>Verantwortlichkeiten:</b></p>
<ul>
<li style="font-weight: 400;" aria-level="1"><span style="font-weight: 400;">Aktive Teilnahme am Tagesgeschäft des Hotels (Frühstück, Abendessen, Vorbereitung der Zimmer)</span></li>
<li style="font-weight: 400;" aria-level="1"><span style="font-weight: 400;">A’ la carte-Bestellungen und Veranstaltungen nach Anweisung des Küchenchefs</span></li>
<li style="font-weight: 400;" aria-level="1"><span style="font-weight: 400;">Ordnungsgemäße Handhabung von Maschinen und Geräten, Sauberhalten</span></li>
<li style="font-weight: 400;" aria-level="1"><span style="font-weight: 400;">Kenntnis und weitestgehende Einhaltung von Normen und Vorschriften des öffentlichen Gesundheitswesens</span></li>
</ul>
<p><b>Was wir von unseren zukünftigen Kollegen erwarten:</b></p>
<ul>
<li style="font-weight: 400;" aria-level="1"><span style="font-weight: 400;">Nem jelent akadályt a kihívások kezelése vagy az akár éjszakába nyúló rendezvényeken való részvétel.</span></li>
<li style="font-weight: 400;" aria-level="1"><span style="font-weight: 400;">Pontos, precíz és megbízható munkavégzés</span></li>
<li style="font-weight: 400;" aria-level="1"><span style="font-weight: 400;">Szakirányú végzettséggel</span></li>
<li style="font-weight: 400;" aria-level="1"><span style="font-weight: 400;">Freundliche, flexible Persönlichkeit</span></li>
<li style="font-weight: 400;" aria-level="1"><span style="font-weight: 400;">Megbízható, önálló munkavégzés</span></li>
</ul>


        <span class="subtitle"></span>

</div><div class="heading_group_sc wpb_content_element subtitle_bottom    text-left">


    <p><span style="font-weight: 400;">Senden Sie eine Fotokopie Ihres Lebenslaufs unter Angabe der Stelle, für die Sie sich bewerben, an </span><a href="mailto:hr@annagrandhotel.hu"><span style="font-weight: 400;">hr@annagrandhotel.hu</span></a><span style="font-weight: 400;"> Adresse.</span></p>


        <span class="subtitle"></span>

</div></div></div></div><div class="wpb_column vc_column_container vc_col-sm-3 vc_col-has-fill"><div class="vc_column-inner vc_custom_1736842977617"><div class="wpb_wrapper"><div class="heading_group_sc wpb_content_element subtitle_bottom    text-left">


    <p><strong>Abteilung:</strong><br />
Küche</p>


        <span class="subtitle"></span>

</div><div class="heading_group_sc wpb_content_element subtitle_bottom    text-left">


    <p><strong>Art der Beschäftigung:</strong><br />
Vollzeit</p>


        <span class="subtitle"></span>

</div><div class="heading_group_sc wpb_content_element subtitle_bottom    text-left">


    <p><span style="font-weight: 400;">Senden Sie eine Fotokopie Ihres Lebenslaufs unter Angabe der Stelle, für die Sie sich bewerben, an </span><a href="mailto:hr@annagrandhotel.hu"><span style="font-weight: 400;">hr@annagrandhotel.hu</span></a><span style="font-weight: 400;"> Adresse.</span></p>


        <span class="subtitle"></span>

</div></div></div></div></div>
</div>

Szakács Mit kínálunk leendő csapattagunknak egész évben üzemelő szállodánkban: Hosszú távú munkalehetőség, 8 órás bejelentéssel Munkahely és lakóhely közötti utazási támogatás Versenyképes fizetés Tervezhető beosztás Munkanapokon egyszeri meleg étkezés Munkaköri feladatok: Aktív részvétel a hotel napi működésében (reggeli, vacsora, szobai bekészítés) A’ la carte rendelések és rendezvények lebonyolítása a chef iránymutatása szerint A gépek, berendezések [...]
